e of 7*s**4/24 + 12*s**2. Calculate f(1).
7
Let v = 2 - 1. Let f be 4 - (2 + v + -4). Let t(u) be the first derivative of -u**2/2 + u - 1. Calculate t(f).
-4
Let o(h) = -13*h**3 - 7*h**2 + 24*h**3 + h**2 - 12*h**3 - 5. Calculate o(-6).
-5
Let j(i) = i**3 - 2*i**2 - i - 2. Let d(y) = y**2 - y + 4. Let p be d(0). Suppose 0 = -p*o + o + 9. Calculate j(o).
4
Suppose 0 = -z + 3*d - 5, 0 = -4*z - 0*d + d + 13. Let c(t) = t**3 - 5*t**2 + 3*t - 5. Give c(z).
-9
Suppose -18 = -4*p + p. Let f(o) be the third derivative of 0*o - 1/2*o**3 + 1/20*o**5 - 1/120*o**p + 0 - o**2 + 1/12*o**4. Calculate f(3).
3
Let s(c) be the first derivative of c**4/4 - c**3 + c**2/2 - 2*c - 13. What is s(4)?
18
Suppose 2*i + n = 7, -3*i - n + 10 + 3 = 0. Let q(o) = -o**2 + 5*o - 7. What is q(i)?
-13
Suppose 4*c - 46 = 2. Suppose -4*d + c = 0, -4*j = d + 2*d - 1. Let q(x) = x**2 + 2*x - 1. Determine q(j).
-1
Let q = 8 + -1. Let b be 2*-1 + 1 + q. Suppose -f = -1 - 2, -b = -3*m - f. Let u(n) = -4*n**3. Calculate u(m).
-4
Let t(l) = 3*l**2 + 3*l + 5. Suppose -2*w + 4 + 3 = -3*z, 5*w + 4*z = 75. Let b(m) = 8*m**2 + 8*m + 15. Let j(a) = w*t(a) - 4*b(a). What is j(0)?
-5
Let m(a) = -a**2 - 8*a - 4. Suppose 0 = -5*l + 5*n - 17 - 18, -3*n = -6. Determine m(l).
11
Let n(k) = 6 + k**2 + 3*k - 2 + 4*k. Let v = -80 + 76. Give n(v).
-8
Let n(k) = -k**3 - k**2 - k. Let p be 2/(-3) + (-18)/(-27). What is n(p)?
0
Let j(l) be the third derivative of -5*l**4/24 + l**3/6 - 23*l**2. What is j(-2)?
11
Suppose v + v = 10. Let a(m) be the first derivative of m**2 - 7*m - 2. Give a(v).
3
Let u(x) = 5. Let v(z) = z + 21. Let l(y) = 9*u(y) - 2*v(y). Calculate l(3).
-3
Let n(g) be the third derivative of -g**6/120 + g**5/60 + g**4/24 - 3*g**2. Suppose 4*c = -3*p - 4, c + 4 = 2*p + 3. Determine n(p).
0
Let m be (-396)/(-63) - 4/14. Let h(r) = r**3 - 7*r**2 + 7*r - 9. Calculate h(m).
-3
Let i(c) = 8*c - 4. Let d be i(3). Suppose 0 = -5*q + 4*t + 6, -d = 2*q - 3*t + 7*t. Let g(x) be the first derivative of -3*x**2/2 + 2*x - 12. Calculate g(q).
8
Let n = 224 + -230. Let t(l) = -1 - 2*l - 8 + 2. Determine t(n).
5
Let j(c) = c**2 - 23*c + 37. Let g be j(21). Let p(z) = z**3 + 4*z**2 + 3. Determine p(g).
-22
Suppose -5*w = 2*s - 31, 5*w - 3*s - 1 = 3*w. Let y(f) = -f**2 - 3*f - 3*f + w*f - 7. Let m(u) = u - 4. Let b be m(4). What is y(b)?
-7
Let w(l) = -l - 1. Suppose 4*k - 2*z - 22 = k, -3*k + 4*z = -32. Suppose 0 = 2*r + f + 8, -k*r - 2*f - 16 = f. What is w(r)?
3
Let w(n) be the third derivative of -n**5/60 - n**4/24 - 10*n**3/3 - 6*n**2. What is w(0)?
-20
Let z(m) = 9 + 2*m - 9 - 3*m. Determine z(-3).
3
Suppose 2*y = 4*u, u + 6*y - y = 0. Let j(m) = 2*m**2. Let t be j(1). Let x(l) = 10 - l**t + 2 - 3 - l. Calculate x(u).
9
Let j(d) = d**3 - 7*d**2 - 6. Suppose -4*g = -0 - 12. Suppose 0 = -g*p - 0 + 21. Determine j(p).
-6
Let s(x) be the third derivative of -x**5/120 + 3*x**4/8 + x**3/3 - 3*x**2. Let h(i) be the first derivative of s(i). Give h(4).
5
Let f be 134/6 + (-1)/3. Suppose -3*w + 4 + 2 = -3*a, -f = -a - 5*w. Let o(j) = -3*j + a - 1 - 2 + 0*j. Determine o(-3).
8
Let n be 29 + (0 - 1) + 0. Suppose 3*g = 5*w - n, -g - 2*g = -w + 8. Let z(i) = i**3 - 2 - i + i - w*i + 2*i**2. Determine z(-3).
4
Let h be (-9)/3*(-4)/(-6). Let d(m) = 1 + 2*m - 4*m + 2*m**2 + 3*m. Determine d(h).
7
Let g = -5 - -7. Let r(u) = 1 + 0 - 2*u + 2*u + g*u. Give r(3).
7
Let o(t) be the second derivative of -t**3/6 + 2*t**2 + 2*t. Let h(l) = l - 3. Let b(s) = 3*h(s) + 2*o(s). Suppose -2*a = 6 - 0. What is b(a)?
-4
Let j(r) = 3*r - 4. Let c(q) = q**3 + 18*q**2 - 2*q - 32. Let b be c(-18). Determine j(b).
8
Let z(l) = l**3 - 5*l**2 + 5*l - 4. Let n be z(4). Let m(t) = -t + n*t + t - 3*t. Give m(-2).
6
Let d(w) = -w**2 - 5*w. Let p be d(-5). Let v(l) = l**2 - 2 - 1 - 3 + 2 - l - l**3. Give v(p).
-4
Let k(l) = -7*l + 4. Let s(z) = -z + 1. Let h(d) = k(d) - 5*s(d). Let n be (-3)/(6/(-10)) - 0. Suppose -24 = n*q - 9. Determine h(q).
5
Let c(z) = z**3 + 4*z**2 + 5*z - 2. Let h be c(-2). Let k(r) = r**3 + 4*r**2 - 2*r + 3. What is k(h)?
11
Let u(m) = -2 + 0 - m + 3*m. Suppose -4*y = -4*q + 7*q - 1, -10 = -5*y - 2*q. What is u(y)?
6
Let z(a) = -a - 4. Let y(i) = 1. Let t(p) = 6*y(p) + z(p). Let s be 6/(3 - 55/15). Let n = -15 - s. What is t(n)?
8
Let h(i) be the second derivative of i**7/840 + i**6/72 + i**5/24 + i**4/6 + i**3/3 - i. Let l(w) be the second derivative of h(w). Determine l(-4).
0
Let z(o) be the first derivative of -2*o**3/3 + 3*o**2/2 - o + 32. Let b(g) = -g + 9. Let p be b(7). Calculate z(p).
-3
Let u = 14 + -12. Suppose 0 = u*d + d. Let x(b) = -b**3 + b**2 - b + 8. What is x(d)?
8
Let s(h) = 3*h - 3 - 7*h + 10 - 8. What is s(-2)?
7
Let g(r) = -5*r**2 + 4*r - 1. Let m(s) = 6*s**2 - 4*s + 2. Let l(h) = 5*g(h) + 4*m(h). Give l(4).
3
Let o be 33/6 + 2/(-4). Suppose -3*m + 4*j + j = -21, -2*m - 2*j - 2 = 0. Let t(r) = 0 + 4*r + 4*r - r**m - 5. Calculate t(o).
10
Suppose 5 = 5*o + 20. Let w(v) = -4*v - 3*v + 10*v. Calculate w(o).
-9
Suppose -2*i = 4*f + 2, -6*f = -4*i - f + 9. Let x(k) = -18*k + 1. What is x(i)?
-17
Let j(o) = 2 - 5 - 1 - 2*o. Let a be (2/6)/(12/(-108)). What is j(a)?
2
Let s(t) be the third derivative of -t**4/24 + 5*t**3/6 - 14*t**2. What is s(-5)?
10
Let o(y) be the third derivative of y**5/60 - y**4/6 + 5*y**3/6 + 4*y**2. What is o(4)?
5
Let z(n) = -n**2 - 4*n + 1. Suppose 6 = 4*x - 2. Let c be (-2)/(-1) + 2 - x. Suppose -11 = 4*o - 3*k, -4*o - c*k - 29 = k. What is z(o)?
-4
Let d(l) be the second derivative of l**8/1120 - l**7/2520 + l**6/720 - l**5/120 + 2*l**4/3 - l. Let r(o) be the third derivative of d(o). What is r(1)?
5
Let z(l) be the second derivative of -l**6/720 - l**5/30 - l**4/6 - 2*l. Let y(d) be the third derivative of z(d). Give y(-4).
0
Let d = -2 - -4. Suppose -2*x = 2*x - 4. Suppose -d*z + x = 11. Let v(b) = -b**3 - 4*b**2 + 5*b - 5. Give v(z).
-5
Let b be 228/(-30) + 2/(-5). Let h = b + 11. Let d(f) = f + 1. Calculate d(h).
4
Let o(s) = -s - 2. Let g(r) = r**3 + 21*r**2 + 20*r + 8. Let b be g(-20). Calculate o(b).
-10
Let o be 0*1/2*-1. Let t(w) = o + 1 - w + w**2 - 2*w + 1. Calculate t(2).
0
Let w = -48 + 47. Let k(a) = -6*a**2 - a. Determine k(w).
-5
Let v(n) = 1 - 2*n + n - n. Let w be v(-2). Let g(s) = -3*s**2 - 21*s + 19. Let c(o) = -o**2 - 10*o + 9. Let k(q) = -5*c(q) + 2*g(q). Calculate k(w).
8
Let f(l) = 2*l - 6*l + 9*l - 6*l. Give f(5).
-5
Let l be 1/(2/(-10) + 0). Let a be 7/28 - 23/(-4). Let n(f) = -7 + a*f + 0*f**2 - 2*f + f**2. Calculate n(l).
-2
Let n(a) be the second derivative of -a + 1/3*a**4 - 1/20*a**5 + 0 + 5/2*a**2 + 1/6*a**3. Give n(4).
9
Let u(n) = -3*n - 5. Let c(d) = -d. Let o(k) = -2*c(k) + u(k). Let i be o(-9). Suppose -j = -i*j - 5*f, 0 = -3*j + 3*f - 24. Let v(q) = q + 11. Give v(j).
6
Suppose -5*d - j + 0*j = 35, -5*j + 1 = 3*d. Let w(v) = v**3 + 7*v**2 - 7*v + 3. Determine w(d).
-5
Let l(t) be the second derivative of t**6/720 - t**5/120 - t**4/12 + t. Let m(a) be the third derivative of l(a). Let v = -201 + 206. Give m(v).
4
Let v(q) be the first derivative of -q**3/3 - 8*q + 28. Calculate v(0).
-8
Let k be ((-2)/(-6))/(3/72). Let l be (k/(-4))/(4/6). Let m(p) = p**3 + 2*p**2 - p + 1. Calculate m(l).
-5
Let k(c) = -c - 8. Let o be 56/42 - (-2)/3. Suppose -1 = -3*y + s - 4, o*y = -s + 3. Calculate k(y).
-8
Let j(d) = -d + 2*d + 5*d + 7 - d**2. Calculate j(6).
7
Let u be (20 - 22)*(-2)/(-4). Let x(b) = 3*b. Determine x(u).
-3
Let r be (-5 + 4)*1*-1. Let w(g) = g**2 + 1. Calculate w(r).
2
Let r(h) = 21*h. Let k be r(-1). Let z be k/(-3) - 6/2. Let w(a) = -z*a - a - 1 - 5*a + 3*a - a**2. Calculate w(-5).
9
Suppose -y - 4*y = -100. Suppose 3*m + w - y = 0, 4 = m - w - 0*w. Let b(h) = h**2 - 6*h - 4. Calculate b(m).
-4
Suppose 3*w - 8 = 2*z + 1, -4*z = 0. Let b(l) be the first derivative of 2 + 0*l + 10/3*l**w - 1/2*l**2. Calculate b(1).
9
Let c(g) = g**3 + 0*g**3 + 4 - 5 + g**2 + g. Let r(m) = -m**3 - 9*m**2 - 18*m + 8. Let s be r(-5). Give c(s).
-7
Let w(p) be the second derivative of p**4/12 + 7*p**3/6 + p**2 + 5*p. What is w(-7)?
2
Let q be 1*(4 + -1 - 0). Let w(x) = -x**3 + 2*x**2 + 4*x. Give w(q).
3
Let f(v) = 24*v - 1. Let r be (-13)/39*(5 - 2). Determine f(r).
-25
Let n(h) = -h**2 + 7*h + 9. Let i(v) = -v**2 + 7*v + 16. Let d be i(8). What is n(d